0 + f. What are the prime factors of n?
11
Suppose 5*f + 2*o - 7 = o, 2*o + 16 = 5*f. Suppose -f*x + 14 = x + 4*d, 0 = 2*d - 10. List the prime factors of (-1)/(-2)*x + 12.
11
Let v(s) be the first derivative of s**3/3 - 3*s**2/2 - 8*s - 1. Suppose 0 = l + 4*l - 30. What are the prime factors of v(l)?
2, 5
Let y = 1 + 1. Suppose y - 24 = -2*c. List the prime factors of c.
11
Suppose -k + 3*o = -3*k - 1, -2*k = -3*o - 17. Suppose -3*m = 9, -p + 2*m + 9 = k*m. What are the prime factors of p?
3, 5
Let q be (18/(-10))/((-1)/15). Let d = -14 + q. What are the prime factors of d?
13
Let j(z) be the third derivative of z**6/120 - z**5/15 - 5*z**4/24 + 7*z**3/6 - 8*z**2. What are the prime factors of j(5)?
7
Let i(b) = -b**3 + 8*b - 4 + 0*b**3 - 3*b**2 + 7. List the prime factors of i(-5).
13
Let i = -19 - -24. Suppose -4*h + 96 = 4*k, -i*k = h + 1 - 17. What are the prime factors of h?
2, 13
Let s(u) = -u**3 + 5*u**2 - u + 7. Let a be (-72)/(-7) - (-8)/(-28). Suppose -q + a = q. What are the prime factors of s(q)?
2
Let m = -55 - -77. List the prime factors of m.
2, 11
Let j be (1*-8)/(-4 + 2). Suppose k = w - 5, j*w + 9 = -5*k + 2. List the prime factors of w.
2
Suppose 0 = 3*m - 2*o - 52, -4*m - 4*o - 64 = -160. Suppose 5*p = 5*u - m, u = 3 + 1. Suppose p = s - 3*s + 10. What are the prime factors of s?
5
Let x = 4 + -1. Suppose 24 = 2*k - x*z, 3*z = -5*k + 34 + 5. Suppose w - k + 1 = 0. What are the prime factors of w?
2
Let s(k) = 10. Let t(m) = m + 30. Let p(y) = -2*y - 60. Let d(a) = 4*p(a) + 9*t(a). Let n(g) = 2*d(g) - 7*s(g). List the prime factors of n(7).
2
Let n be (-213)/(-18) + 1/6. Let d = n - -8. List the prime factors of d.
2, 5
Suppose 5*o = 2*o + 6. Suppose -o*p + 25 = 3*p. What are the prime factors of p?
5
Suppose 3*v = 6, 56 = -5*c - 3*v + v. Let i be ((-18)/c)/(3/(-52)). What are the prime factors of (i/4)/((-1)/2)?
13
Let h = 62 - 22. Let o = -18 + h. List the prime factors of o.
2, 11
List the prime factors of 20/(-8)*(-51 + 5).
5, 23
Let f be 3 - 0 - (-3)/3. Suppose -u = -0*u - 2*p + 36, -f*p = -u - 40. What are the prime factors of (2/4)/((-2)/u)?
2
Let a(z) = z**3 - 6*z**2 + 8*z - 7. Let r be a(5). Let w = 15 - r. What are the prime factors of w?
7
List the prime factors of (88/110)/(0 + 4/310).
2, 31
Let x be 5/20 - 19/(-4). Suppose 10 = -2*i, x = -2*d + i + 4*i. What are the prime factors of (8/(-5))/2*d?
2, 3
Let y be 5/25 + 2/(-10). Suppose y = 2*x - 5 - 1. List the prime factors of x.
3
Suppose w + 20 = -2. Let r = 72 - 35. Let o = w + r. What are the prime factors of o?
3, 5
Suppose -2*n = -6, -5*q - 4*n + 0*n - 8 = 0. Let g be (2/q)/((-2)/(-16)). Let d = g + 8. What are the prime factors of d?
2
Let r(i) = 23*i**2 - 1. What are the prime factors of r(-1)?
2, 11
Let z be (-184)/(-28) - (-9)/21. What are the prime factors of ((-48)/z)/(5/(-35))?
2, 3
What are the prime factors of -4 - (42*-2)/1?
2, 5
What are the prime factors of (83/3 + 0)*12?
2, 83
Let m be 399/18 + 2/(-12). Let i = 36 - m. What are the prime factors of i?
2, 7
Let p = 12 + -7. Suppose -20 = -4*g + 4*z, -g = p*z + 2 - 1. List the prime factors of (5/g)/((-2)/(-16)).
2, 5
Let w be 90/(-8) + 9/(-12). List the prime factors of (-50)/15*w/10.
2
Suppose 7*k - 2*k = 3*s - 90, -5*k - 150 = -5*s. Suppose 2*l = -4*m + s, -2*m + 10 = 2*l - 6*l. What are the prime factors of 26/m + 2/7?
2
Let i = -10 + 12. List the prime factors of i/(-9) + 8755/153.
3, 19
Suppose 2*v + 58 = -2*g, -v - 121 = 4*g + 4*v. Suppose 5*f - 3*f = -5*c - 16, 14 = 3*f - 2*c. What are the prime factors of (-4 - -3)/(f/g)?
2, 3
What are the prime factors of -3 + (-1)/((-2)/24)?
3
Let p = 2 + 1. Suppose 0*m - p*m = 24. Let z = m + 22. List the prime factors of z.
2, 7
Let f be (-2)/4 + (-18)/4. Let t be (-3 - -3) + f/1. What are the prime factors of (-53)/(-5) - (-3)/t?
2, 5
Suppose 5*t = 4 - 24. Let y(l) = 2*l**2 - 5*l - 5. What are the prime factors of y(t)?
47
Let t = 136 - 85. List the prime factors of t.
3, 17
Suppose 0*d - 147 = -3*d. Suppose 4*z + 2*q - 11 = d, 3*q = 5*z - 97. List the prime factors of z.
17
Let y(f) = f + 1. Let s(r) = -r**2 - r - 5. Let z be s(0). Let b be (z/(-5))/(1/6). List the prime factors of y(b).
7
Let j = 38 + -62. List the prime factors of 1 - (j/2 - -1).
2, 3
Let a(d) = -2*d**3 + 3*d**2 + 2*d. Let k be a(-2). Let v be ((-25)/(-20))/(1/k). Suppose 3*f = -0*f + v. What are the prime factors of f?
2, 5
Let p = 2 - 0. Suppose 15 = 5*w + 5*m, -5*w + 11 = 3*m - p. Suppose w*b = 7*b - 40. List the prime factors of b.
2
What are the prime factors of (8/2)/2 + 319?
3, 107
Let d = -203 + 313. List the prime factors of d.
2, 5, 11
List the prime factors of 17/2 - 2/4.
2
Let f = -55 + 89. What are the prime factors of f?
2, 17
Let s(o) be the second derivative of o**5/20 - 5*o**4/12 + 5*o**3/6 - o**2/2 - 3*o. What are the prime factors of s(4)?
3
Let f(c) = -4*c**3 - 2*c**2 - 3*c - 1. Let v be f(-2). Let u = 13 - v. List the prime factors of -3 + 1 - (u - -2).
2, 3
Let d(f) = 9*f + 2. Let l be d(5). Let c be (2/3)/(((-16)/(-8))/258). Suppose -5*q = 4*r - c + 5, -q + l = 3*r. What are the prime factors of r?
2, 7
Let i be -2 - (-6)/2 - 26. Let t = 64 + i. List the prime factors of t.
3, 13
Suppose 0 = -4*p - 2*c + 3*c + 164, 0 = -3*c + 12. List the prime factors of p.
2, 3, 7
Let r = -188 - -231. List the prime factors of r.
43
Suppose 4*z = 355 - 103. Let t be (-49)/(-2)*10/5. Suppose -5*d = -s - z, -5*s - t = -2*d - 10. What are the prime factors of d?
2, 3
What are the prime factors of 134/5 + (-14)/(-70)?
3
What are the prime factors of (-8)/(-12)*(1 + 4*23)?
2, 31
Suppose -98 - 2 = -5*z. Let i be (2/(-4))/((-2)/z). Suppose s - i = 5. What are the prime factors of s?
2, 5
What are the prime factors of (-250)/(-8) - 3/(-4)?
2
Suppose 30 - 114 = -4*j. What are the prime factors of j?
3, 7
Suppose 5*a = 3*r + 287, -2*a + 113 = -r - 2*r. List the prime factors of a.
2, 29
Let u(j) = 7*j + 9. List the prime factors of u(15).
2, 3, 19
Suppose -12*y = -16*y + 384. What are the prime factors of y?
2, 3
Suppose 4*s - 17 = -5*t + 3, 0 = 3*t. List the prime factors of s.
5
Let b(q) = -q**3 - 21*q**2 + 15*q + 26. List the prime factors of b(-22).
2, 3, 5
Let j = 39 + -4. What are the prime factors of j?
5, 7
Let n = 18 - -9. What are the prime factors of n?
3
Let u(n) = -43*n + 33. What are the prime factors of u(-4)?
5, 41
Let o = 568 + -362. List the prime factors of o.
2, 103
Suppose 0 = 6*k - 8*k. Suppose -i + 11 = -3*l, 2*l = 4*i - k*l - 64. List the prime factors of i.
17
Suppose o = 2*o. Suppose o = -3*p - 4*t + 8 + 30, 0 = 3*p - 4*t + 2. What are the prime factors of 20/(-6)*p/(-5)?
2
Suppose -5*g + 7 = -8. Suppose -i + g*x = 3*i - 75, 3*i + 2*x - 69 = 0. List the prime factors of i.
3, 7
Suppose 5*d - 172 - 68 = 0. List the prime factors of d.
2, 3
Let i(l) = -l**2 - 7*l + 10. Let z be i(-8). Suppose 5*x = 3*s - 18, x + 18 = 3*s - z*x. What are the prime factors of s?
2, 3
Let s(x) = 2*x**2 - 2*x - 5. What are the prime factors of s(-4)?
5, 7
Let d(y) = -y**3 + y**2 - y + 1. Let f be d(0). Let r = 1 + f. Suppose 0 = 5*m - 4*q - 18 - 1, 0 = 5*m + r*q - 13. What are the prime factors of m?
3
Let k(n) = -2*n**3 - 6*n**2 + 2*n + 6. Let f be k(-5). Suppose s + 38 = -f. List the prime factors of s/(-10) + 2/(-5).
13
Let t(s) = -36*s**3 - 2*s**2 - 2*s - 1. Suppose -3*z = 2 + 1. Let x be t(z). Suppose -26 = -3*y + 4*o, -2*y - 2*y = -5*o - x. What are the prime factors of y?
2, 5
Suppose -89 = -5*i + 2*f, -2*i = -0*i - f - 36. What are the prime factors of i?
17
Let g(u) = u**3 - 2*u**2 - 5*u + 6. Let w = -23 - -44. Let v be -3 + 3*w/9. What are the prime factors of g(v)?
2, 3
Let m be 12/7 - 4/(-14). Let u be (-1 + m)*(-1 - 10). Let z = 23 + u. List the prime factors of z.
2, 3
Suppose 4*i = 5*y - 3, -3*y + 2 = y - 3*i. Let q = 53 - 56. What are the prime factors of 1*y - 12/q?
3
Let s(v) = 12*v + 8. Let p be s(8). Suppose 4*b - 1 = -j, -5*j + j = -4*b - p. List the prime factors of j.
3, 7
Let j(t) = -10 - 2 + 4*t + 6. List the prime factors of j(4).
2, 5
Suppose -3*i = k + 11, 0 = 5*k - i - 2*i + 37. Let v = 17 - k. Let g = v - 18. What are the prime factors of g?
7
Suppose -5*y - 150 = -60. Let q = y - -26. Suppose -q - 6 = -2*p. List the prime factors of p.
7
Let v